{"id":33419,"date":"2022-09-19T10:15:48","date_gmt":"2022-09-19T08:15:48","guid":{"rendered":"http:\/\/zs-skarvady831.cz\/uvod\/?page_id=33419"},"modified":"2022-09-19T10:15:48","modified_gmt":"2022-09-19T08:15:48","slug":"prvni-letosni-velky-sportovni-uspech","status":"publish","type":"page","link":"https:\/\/zs-skarvady831.cz\/uvod\/prvni-letosni-velky-sportovni-uspech\/","title":{"rendered":"Prvn\u00ed leto\u0161n\u00ed velk\u00fd sportovn\u00ed \u00fasp\u011bch \u2026"},"content":{"rendered":"\n<p>Prvn\u00ed leto\u0161n\u00ed velk\u00fd sportovn\u00ed \u00fasp\u011bch na\u0161ich sportuj\u00edc\u00edch jazyk\u00e1\u0159\u016f. Vyhr\u00e1li jsme 1.misto v MS kraji v sout\u011b\u017ei Wolfram &#8211; kombina\u010dn\u00ed sportovn\u011b v\u011bdomostn\u00ed sout\u011b\u017e. Celkem 28 dru\u017estev.<br>A. Luk\u00e1\u010dov\u00e1, D. Riva, J.Zmydlen\u00fd, R.Kanich<\/p>\n","protected":false},"excerpt":{"rendered":"<p>Prvn\u00ed leto\u0161n\u00ed velk\u00fd sportovn\u00ed \u00fasp\u011bch na\u0161ich sportuj\u00edc\u00edch jazyk\u00e1\u0159\u016f. Vyhr\u00e1li jsme 1.misto v MS kraji v sout\u011b\u017ei Wolfram &#8211; kombina\u010dn\u00ed sportovn\u011b v\u011bdomostn\u00ed sout\u011b\u017e. Celkem 28 dru\u017estev.A. Luk\u00e1\u010dov\u00e1, D. Riva, J.Zmydlen\u00fd, R.Kanich<\/p>\n","protected":false},"author":5,"featured_media":0,"parent":0,"menu_order":0,"comment_status":"closed","ping_status":"closed","template":"","meta":{"footnotes":""},"_links":{"self":[{"href":"https:\/\/zs-skarvady831.cz\/uvod\/wp-json\/wp\/v2\/pages\/33419"}],"collection":[{"href":"https:\/\/zs-skarvady831.cz\/uvod\/wp-json\/wp\/v2\/pages"}],"about":[{"href":"https:\/\/zs-skarvady831.cz\/uvod\/wp-json\/wp\/v2\/types\/page"}],"author":[{"embeddable":true,"href":"https:\/\/zs-skarvady831.cz\/uvod\/wp-json\/wp\/v2\/users\/5"}],"replies":[{"embeddable":true,"href":"https:\/\/zs-skarvady831.cz\/uvod\/wp-json\/wp\/v2\/comments?post=33419"}],"version-history":[{"count":1,"href":"https:\/\/zs-skarvady831.cz\/uvod\/wp-json\/wp\/v2\/pages\/33419\/revisions"}],"predecessor-version":[{"id":33420,"href":"https:\/\/zs-skarvady831.cz\/uvod\/wp-json\/wp\/v2\/pages\/33419\/revisions\/33420"}],"wp:attachment":[{"href":"https:\/\/zs-skarvady831.cz\/uvod\/wp-json\/wp\/v2\/media?parent=33419"}],"curies":[{"name":"wp","href":"https:\/\/api.w.org\/{rel}","templated":true}]}}